{"id":1941,"date":"2021-10-14T16:56:52","date_gmt":"2021-10-14T14:56:52","guid":{"rendered":"http:\/\/araok.co\/?page_id=1941"},"modified":"2023-07-04T10:42:48","modified_gmt":"2023-07-04T08:42:48","slug":"araok","status":"publish","type":"page","link":"https:\/\/araok.co\/index.php\/araok\/","title":{"rendered":"Araok"},"content":{"rendered":"<p>[vc_section css=\u00a0\u00bb.vc_custom_1687018225735{margin-top: -80px !important;border-bottom-width: 1px !important;background-color: #f7f8fa !important;border-bottom-color: #dddddd !important;border-bottom-style: solid !important;}\u00a0\u00bb][vc_row css=\u00a0\u00bb.vc_custom_1687019035432{margin-bottom: -30px !important;}\u00a0\u00bb][vc_column]<div class=\"wpb_content_element \"><style type=\"text\/css\"><\/style><header id=\"ut_header_69e224afb3ed0\" class=\"section-header ut-no-title-linebreak-mobile ut-no-lead-linebreak-mobile pt-style-1 header-center header-tablet-center header-mobile-center\"><h2 data-title=\"Notre mission : Proposer une production textile raisonn\u00e9e\"  class=\"bklyn-divider-styles bklyn-divider-style-1 section-title \"><span>Notre mission : Proposer une production textile raisonn\u00e9e<\/span><\/h2><div data-delay=\"0\" class=\"lead \"><p>Le constat est simple : au 21e si\u00e8cle, tout le monde a besoin de v\u00eatement. \u00c0 c\u00f4t\u00e9 de \u00e7a, chaque v\u00eatement que l&rsquo;on cr\u00e9\u00e9 a un impact sur notre plan\u00e8te.<\/p>\n<p>Il devient primordiale de tout entreprendre pour mieux le faire, et plus raisonnablement.<\/p>\n<p>Chez Araok, nous travaillons pour offrir \u00e0 nos clients des solutions de production 100% made in Europe au meilleur rapport qualit\u00e9\/prix.<\/p>\n<\/div><\/header><\/div>[\/vc_column][\/vc_row][vc_row css=\u00a0\u00bb.vc_custom_1687019079364{margin-bottom: -50px !important;}\u00a0\u00bb][vc_column width=\u00a0\u00bb1\/3&Prime;][ut_number_counter icon_spacing=\u00a0\u00bb20&Prime; counter_prefix_font_weight=\u00a0\u00bb\u00a0\u00bb counter_suffix_font_weight=\u00a0\u00bb\u00a0\u00bb to=\u00a0\u00bb2500&Prime; counter_color=\u00a0\u00bb#0267c1&Prime; icon_bklyn=\u00a0\u00bbBklynIcons-Clipboard-Write\u00a0\u00bb color=\u00a0\u00bb#393c3e\u00a0\u00bb prefix=\u00a0\u00bb+\u00a0\u00bb]<b>Productions EU<\/b>[\/ut_number_counter][\/vc_column][vc_column width=\u00a0\u00bb1\/3&Prime;][ut_number_counter icon_spacing=\u00a0\u00bb20&Prime; counter_prefix_font_weight=\u00a0\u00bb\u00a0\u00bb counter_suffix_font_weight=\u00a0\u00bb\u00a0\u00bb to=\u00a0\u00bb10&Prime; counter_color=\u00a0\u00bb#0267c1&Prime; icon_bklyn=\u00a0\u00bbBklynIcons-Busy-1&Prime; color=\u00a0\u00bb#393c3e\u00a0\u00bb suffix=\u00a0\u00bbans\u00a0\u00bb]<b>d&rsquo;exp\u00e9riences<\/b>[\/ut_number_counter][\/vc_column][vc_column width=\u00a0\u00bb1\/3&Prime;][ut_number_counter sep=\u00a0\u00bbtrue\u00a0\u00bb icon_spacing=\u00a0\u00bb20&Prime; counter_prefix_font_weight=\u00a0\u00bb\u00a0\u00bb counter_suffix_font_weight=\u00a0\u00bb\u00a0\u00bb to=\u00a0\u00bb100&Prime; counter_color=\u00a0\u00bb#0267c1&Prime; icon_bklyn=\u00a0\u00bbBklynIcons-Atom\u00a0\u00bb color=\u00a0\u00bb#393c3e\u00a0\u00bb suffix=\u00a0\u00bb%\u00a0\u00bb]<b>Made<\/b> in Europe[\/ut_number_counter][\/vc_column][\/vc_row][\/vc_section][vc_section css=\u00a0\u00bb.vc_custom_1687018376583{margin-top: -70px !important;border-bottom-width: -70px !important;border-bottom-color: #dddddd !important;border-bottom-style: solid !important;}\u00a0\u00bb][vc_row css=\u00a0\u00bb.vc_custom_1687018666696{margin-top: -30px !important;margin-bottom: -80px !important;}\u00a0\u00bb][vc_column]<div class=\"wpb_content_element\"><style type=\"text\/css\">#ut_tab_style_69e224afb4737 a .bkly-icon-tab {color: #393c3e; }#ut_tab_style_69e224afb4737 a:hover .bkly-icon-tab {color: #0267c1; }#ut_tab_style_69e224afb4737.active a .bkly-icon-tab {color: #0267c1; }#ut_tab_style_69e224afb4737 a .bkly-icon-tab-label {color: #393c3e; }#ut_tab_style_69e224afb4737 a:hover .bkly-icon-tab-label {color: #393c3e; }#ut_tab_style_69e224afb4737.active a .bkly-icon-tab-label {color: #393c3e; }<\/style><div id=\"ut_tabs_style_69e224afb4745\" class=\"bklyn-icon-tabs-wrap bklyn-icon-tabs-center\"><ul class=\"bklyn-icon-tabs nav nav-tabs\"><li id=\"ut_tab_style_69e224afb4737\" class=\"active\"><a href=\"#ut_tab_69e224afb4733\" data-toggle=\"tab\"><i class=\"bkly-icon-tab BklynIcons-Lens-1\"><\/i><span class=\"bkly-icon-tab-label \"><\/span><\/a><\/li><\/ul><div class=\"tab-content\"><div data-size=\"auto\" class=\"tab-pane fade bklyn-icon-tab-2-columns active\" id=\"ut_tab_69e224afb4733\"> \n<h3><img decoding=\"async\" loading=\"lazy\" class=\"alignnone size-medium wp-image-2056\" src=\"https:\/\/araok.co\/wp-content\/uploads\/2023\/05\/fabric-1435472_1280-650x433.jpeg\" alt=\"\" width=\"650\" height=\"433\" srcset=\"https:\/\/araok.co\/wp-content\/uploads\/2023\/05\/fabric-1435472_1280-650x433.jpeg 650w, https:\/\/araok.co\/wp-content\/uploads\/2023\/05\/fabric-1435472_1280-325x217.jpeg 325w\" sizes=\"(max-width: 650px) 100vw, 650px\" \/><\/h3>\n<h3><strong>Pourquoi le Made in Europe ?\u00a0<\/strong><\/h3>\n<p>Envoyer une production \u00e0 l&rsquo;autre bout du monde pour \u00e9conomiser 1\u20ac sur le prix de vente ne fait plus sens aujourd&rsquo;hui. L&rsquo;impact environnemental de l&rsquo;industrie textile est \u00e9norme et nous avons \u00e0 coeur de proposer des solutions.<\/p>\n<p>En produisant en Europe (Portugal, Espagne, Italie, Croatie &amp; Pologne) nous sommes en moyenne \u00e0 1000 km des fronti\u00e8res Fran\u00e7aises (\u00e9quivalent d&rsquo;un trajet Lille \/ Marseille).<\/p>\n<p>En complement de la production locale, nous avons lanc\u00e9 notre offre deadstock. Le dead stock c\u2019est quoi ? C\u2019est le surplus mati\u00e8re cr\u00e9\u00e9 lors de chaque production textile. Chaque atelier de confection pr\u00e9voit jusqu\u2019\u00e0 5% de mati\u00e8re suppl\u00e9mentaire pour couvrir de potentielles imperfections de production.<\/p>\n<p>Re-utiliser ces stocks permet de produire une commande en 100% made in Europe, sans production de nouvelle mati\u00e8re, avec un MOQ tr\u00e8s faible.<\/div><\/div><\/div><\/div>[\/vc_column][\/vc_row][\/vc_section]<\/p>\n","protected":false},"excerpt":{"rendered":"<p>[vc_section css=\u00a0\u00bb.vc_custom_1687018225735{margin-top: -80px !important;border-bottom-width: 1px !important;background-color: #f7f8fa !important;border-bottom-color: #dddddd !important;border-bottom-style: solid !important;}\u00a0\u00bb][vc_row css=\u00a0\u00bb.vc_custom_1687019035432{margin-bottom: -30px !important;}\u00a0\u00bb][vc_column][\/vc_column][\/vc_row][vc_row css=\u00a0\u00bb.vc_custom_1687019079364{margin-bottom: -50px !important;}\u00a0\u00bb][vc_column width=\u00a0\u00bb1\/3&Prime;][ut_number_counter icon_spacing=\u00a0\u00bb20&Prime; counter_prefix_font_weight=\u00a0\u00bb\u00a0\u00bb counter_suffix_font_weight=\u00a0\u00bb\u00a0\u00bb to=\u00a0\u00bb2500&Prime; counter_color=\u00a0\u00bb#0267c1&Prime; icon_bklyn=\u00a0\u00bbBklynIcons-Clipboard-Write\u00a0\u00bb color=\u00a0\u00bb#393c3e\u00a0\u00bb prefix=\u00a0\u00bb+\u00a0\u00bb]Productions EU[\/ut_number_counter][\/vc_column][vc_column width=\u00a0\u00bb1\/3&Prime;][ut_number_counter icon_spacing=\u00a0\u00bb20&Prime; counter_prefix_font_weight=\u00a0\u00bb\u00a0\u00bb counter_suffix_font_weight=\u00a0\u00bb\u00a0\u00bb to=\u00a0\u00bb10&Prime; counter_color=\u00a0\u00bb#0267c1&Prime; icon_bklyn=\u00a0\u00bbBklynIcons-Busy-1&Prime; color=\u00a0\u00bb#393c3e\u00a0\u00bb suffix=\u00a0\u00bbans\u00a0\u00bb]d&rsquo;exp\u00e9riences[\/ut_number_counter][\/vc_column][vc_column width=\u00a0\u00bb1\/3&Prime;][ut_number_counter sep=\u00a0\u00bbtrue\u00a0\u00bb icon_spacing=\u00a0\u00bb20&Prime; counter_prefix_font_weight=\u00a0\u00bb\u00a0\u00bb counter_suffix_font_weight=\u00a0\u00bb\u00a0\u00bb to=\u00a0\u00bb100&Prime; counter_color=\u00a0\u00bb#0267c1&Prime; icon_bklyn=\u00a0\u00bbBklynIcons-Atom\u00a0\u00bb color=\u00a0\u00bb#393c3e\u00a0\u00bb suffix=\u00a0\u00bb%\u00a0\u00bb]Made in Europe[\/ut_number_counter][\/vc_column][\/vc_row][\/vc_section][vc_section css=\u00a0\u00bb.vc_custom_1687018376583{margin-top: -70px !important;border-bottom-width: -70px !important;border-bottom-color: #dddddd [&hellip;]<\/p>\n","protected":false},"author":1,"featured_media":0,"parent":0,"menu_order":0,"comment_status":"closed","ping_status":"closed","template":"","meta":{"_monsterinsights_skip_tracking":false,"_monsterinsights_sitenote_active":false,"_monsterinsights_sitenote_note":"","_monsterinsights_sitenote_category":0},"yoast_head":"<!-- This site is optimized with the Yoast SEO plugin v20.12 - https:\/\/yoast.com\/wordpress\/plugins\/seo\/ -->\n<title>Araok - Araok<\/title>\n<meta name=\"robots\" content=\"index, follow, max-snippet:-1, max-image-preview:large, max-video-preview:-1\" \/>\n<link rel=\"canonical\" href=\"https:\/\/araok.co\/index.php\/araok\/\" \/>\n<meta property=\"og:locale\" content=\"fr_FR\" \/>\n<meta property=\"og:type\" content=\"article\" \/>\n<meta property=\"og:title\" content=\"Araok - Araok\" \/>\n<meta property=\"og:description\" content=\"[vc_section css=\u00a0\u00bb.vc_custom_1687018225735{margin-top: -80px !important;border-bottom-width: 1px !important;background-color: #f7f8fa !important;border-bottom-color: #dddddd !important;border-bottom-style: solid !important;}\u00a0\u00bb][vc_row css=\u00a0\u00bb.vc_custom_1687019035432{margin-bottom: -30px !important;}\u00a0\u00bb][vc_column][\/vc_column][\/vc_row][vc_row css=\u00a0\u00bb.vc_custom_1687019079364{margin-bottom: -50px !important;}\u00a0\u00bb][vc_column width=\u00a0\u00bb1\/3&Prime;][ut_number_counter icon_spacing=\u00a0\u00bb20&Prime; counter_prefix_font_weight=\u00a0\u00bb\u00a0\u00bb counter_suffix_font_weight=\u00a0\u00bb\u00a0\u00bb to=\u00a0\u00bb2500&Prime; counter_color=\u00a0\u00bb#0267c1&Prime; icon_bklyn=\u00a0\u00bbBklynIcons-Clipboard-Write\u00a0\u00bb color=\u00a0\u00bb#393c3e\u00a0\u00bb prefix=\u00a0\u00bb+\u00a0\u00bb]Productions EU[\/ut_number_counter][\/vc_column][vc_column width=\u00a0\u00bb1\/3&Prime;][ut_number_counter icon_spacing=\u00a0\u00bb20&Prime; counter_prefix_font_weight=\u00a0\u00bb\u00a0\u00bb counter_suffix_font_weight=\u00a0\u00bb\u00a0\u00bb to=\u00a0\u00bb10&Prime; counter_color=\u00a0\u00bb#0267c1&Prime; icon_bklyn=\u00a0\u00bbBklynIcons-Busy-1&Prime; color=\u00a0\u00bb#393c3e\u00a0\u00bb suffix=\u00a0\u00bbans\u00a0\u00bb]d&rsquo;exp\u00e9riences[\/ut_number_counter][\/vc_column][vc_column width=\u00a0\u00bb1\/3&Prime;][ut_number_counter sep=\u00a0\u00bbtrue\u00a0\u00bb icon_spacing=\u00a0\u00bb20&Prime; counter_prefix_font_weight=\u00a0\u00bb\u00a0\u00bb counter_suffix_font_weight=\u00a0\u00bb\u00a0\u00bb to=\u00a0\u00bb100&Prime; counter_color=\u00a0\u00bb#0267c1&Prime; icon_bklyn=\u00a0\u00bbBklynIcons-Atom\u00a0\u00bb color=\u00a0\u00bb#393c3e\u00a0\u00bb suffix=\u00a0\u00bb%\u00a0\u00bb]Made in Europe[\/ut_number_counter][\/vc_column][\/vc_row][\/vc_section][vc_section css=\u00a0\u00bb.vc_custom_1687018376583{margin-top: -70px !important;border-bottom-width: -70px !important;border-bottom-color: #dddddd [&hellip;]\" \/>\n<meta property=\"og:url\" content=\"https:\/\/araok.co\/index.php\/araok\/\" \/>\n<meta property=\"og:site_name\" content=\"Araok\" \/>\n<meta property=\"article:modified_time\" content=\"2023-07-04T08:42:48+00:00\" \/>\n<meta property=\"og:image\" content=\"http:\/\/araok.co\/wp-content\/uploads\/2023\/05\/fabric-1435472_1280-650x433.jpeg\" \/>\n<meta name=\"twitter:card\" content=\"summary_large_image\" \/>\n<meta name=\"twitter:label1\" content=\"Dur\u00e9e de lecture estim\u00e9e\" \/>\n\t<meta name=\"twitter:data1\" content=\"2 minutes\" \/>\n<script type=\"application\/ld+json\" class=\"yoast-schema-graph\">{\"@context\":\"https:\/\/schema.org\",\"@graph\":[{\"@type\":\"WebPage\",\"@id\":\"https:\/\/araok.co\/index.php\/araok\/\",\"url\":\"https:\/\/araok.co\/index.php\/araok\/\",\"name\":\"Araok - Araok\",\"isPartOf\":{\"@id\":\"https:\/\/araok.co\/#website\"},\"datePublished\":\"2021-10-14T14:56:52+00:00\",\"dateModified\":\"2023-07-04T08:42:48+00:00\",\"breadcrumb\":{\"@id\":\"https:\/\/araok.co\/index.php\/araok\/#breadcrumb\"},\"inLanguage\":\"fr-FR\",\"potentialAction\":[{\"@type\":\"ReadAction\",\"target\":[\"https:\/\/araok.co\/index.php\/araok\/\"]}]},{\"@type\":\"BreadcrumbList\",\"@id\":\"https:\/\/araok.co\/index.php\/araok\/#breadcrumb\",\"itemListElement\":[{\"@type\":\"ListItem\",\"position\":1,\"name\":\"Home\",\"item\":\"https:\/\/araok.co\/\"},{\"@type\":\"ListItem\",\"position\":2,\"name\":\"Araok\"}]},{\"@type\":\"WebSite\",\"@id\":\"https:\/\/araok.co\/#website\",\"url\":\"https:\/\/araok.co\/\",\"name\":\"Araok\",\"description\":\"Sp\u00e9cialiste de la production textile Europe\",\"publisher\":{\"@id\":\"https:\/\/araok.co\/#organization\"},\"potentialAction\":[{\"@type\":\"SearchAction\",\"target\":{\"@type\":\"EntryPoint\",\"urlTemplate\":\"https:\/\/araok.co\/?s={search_term_string}\"},\"query-input\":\"required name=search_term_string\"}],\"inLanguage\":\"fr-FR\"},{\"@type\":\"Organization\",\"@id\":\"https:\/\/araok.co\/#organization\",\"name\":\"Araok\",\"url\":\"https:\/\/araok.co\/\",\"logo\":{\"@type\":\"ImageObject\",\"inLanguage\":\"fr-FR\",\"@id\":\"https:\/\/araok.co\/#\/schema\/logo\/image\/\",\"url\":\"http:\/\/araok.co\/wp-content\/uploads\/2021\/10\/Capture-de\u0301cran-2021-10-13-a\u0300-13.34.05.png\",\"contentUrl\":\"http:\/\/araok.co\/wp-content\/uploads\/2021\/10\/Capture-de\u0301cran-2021-10-13-a\u0300-13.34.05.png\",\"width\":80,\"height\":88,\"caption\":\"Araok\"},\"image\":{\"@id\":\"https:\/\/araok.co\/#\/schema\/logo\/image\/\"}}]}<\/script>\n<!-- \/ Yoast SEO plugin. -->","yoast_head_json":{"title":"Araok - Araok","robots":{"index":"index","follow":"follow","max-snippet":"max-snippet:-1","max-image-preview":"max-image-preview:large","max-video-preview":"max-video-preview:-1"},"canonical":"https:\/\/araok.co\/index.php\/araok\/","og_locale":"fr_FR","og_type":"article","og_title":"Araok - Araok","og_description":"[vc_section css=\u00a0\u00bb.vc_custom_1687018225735{margin-top: -80px !important;border-bottom-width: 1px !important;background-color: #f7f8fa !important;border-bottom-color: #dddddd !important;border-bottom-style: solid !important;}\u00a0\u00bb][vc_row css=\u00a0\u00bb.vc_custom_1687019035432{margin-bottom: -30px !important;}\u00a0\u00bb][vc_column][\/vc_column][\/vc_row][vc_row css=\u00a0\u00bb.vc_custom_1687019079364{margin-bottom: -50px !important;}\u00a0\u00bb][vc_column width=\u00a0\u00bb1\/3&Prime;][ut_number_counter icon_spacing=\u00a0\u00bb20&Prime; counter_prefix_font_weight=\u00a0\u00bb\u00a0\u00bb counter_suffix_font_weight=\u00a0\u00bb\u00a0\u00bb to=\u00a0\u00bb2500&Prime; counter_color=\u00a0\u00bb#0267c1&Prime; icon_bklyn=\u00a0\u00bbBklynIcons-Clipboard-Write\u00a0\u00bb color=\u00a0\u00bb#393c3e\u00a0\u00bb prefix=\u00a0\u00bb+\u00a0\u00bb]Productions EU[\/ut_number_counter][\/vc_column][vc_column width=\u00a0\u00bb1\/3&Prime;][ut_number_counter icon_spacing=\u00a0\u00bb20&Prime; counter_prefix_font_weight=\u00a0\u00bb\u00a0\u00bb counter_suffix_font_weight=\u00a0\u00bb\u00a0\u00bb to=\u00a0\u00bb10&Prime; counter_color=\u00a0\u00bb#0267c1&Prime; icon_bklyn=\u00a0\u00bbBklynIcons-Busy-1&Prime; color=\u00a0\u00bb#393c3e\u00a0\u00bb suffix=\u00a0\u00bbans\u00a0\u00bb]d&rsquo;exp\u00e9riences[\/ut_number_counter][\/vc_column][vc_column width=\u00a0\u00bb1\/3&Prime;][ut_number_counter sep=\u00a0\u00bbtrue\u00a0\u00bb icon_spacing=\u00a0\u00bb20&Prime; counter_prefix_font_weight=\u00a0\u00bb\u00a0\u00bb counter_suffix_font_weight=\u00a0\u00bb\u00a0\u00bb to=\u00a0\u00bb100&Prime; counter_color=\u00a0\u00bb#0267c1&Prime; icon_bklyn=\u00a0\u00bbBklynIcons-Atom\u00a0\u00bb color=\u00a0\u00bb#393c3e\u00a0\u00bb suffix=\u00a0\u00bb%\u00a0\u00bb]Made in Europe[\/ut_number_counter][\/vc_column][\/vc_row][\/vc_section][vc_section css=\u00a0\u00bb.vc_custom_1687018376583{margin-top: -70px !important;border-bottom-width: -70px !important;border-bottom-color: #dddddd [&hellip;]","og_url":"https:\/\/araok.co\/index.php\/araok\/","og_site_name":"Araok","article_modified_time":"2023-07-04T08:42:48+00:00","og_image":[{"url":"http:\/\/araok.co\/wp-content\/uploads\/2023\/05\/fabric-1435472_1280-650x433.jpeg"}],"twitter_card":"summary_large_image","twitter_misc":{"Dur\u00e9e de lecture estim\u00e9e":"2 minutes"},"schema":{"@context":"https:\/\/schema.org","@graph":[{"@type":"WebPage","@id":"https:\/\/araok.co\/index.php\/araok\/","url":"https:\/\/araok.co\/index.php\/araok\/","name":"Araok - Araok","isPartOf":{"@id":"https:\/\/araok.co\/#website"},"datePublished":"2021-10-14T14:56:52+00:00","dateModified":"2023-07-04T08:42:48+00:00","breadcrumb":{"@id":"https:\/\/araok.co\/index.php\/araok\/#breadcrumb"},"inLanguage":"fr-FR","potentialAction":[{"@type":"ReadAction","target":["https:\/\/araok.co\/index.php\/araok\/"]}]},{"@type":"BreadcrumbList","@id":"https:\/\/araok.co\/index.php\/araok\/#breadcrumb","itemListElement":[{"@type":"ListItem","position":1,"name":"Home","item":"https:\/\/araok.co\/"},{"@type":"ListItem","position":2,"name":"Araok"}]},{"@type":"WebSite","@id":"https:\/\/araok.co\/#website","url":"https:\/\/araok.co\/","name":"Araok","description":"Sp\u00e9cialiste de la production textile Europe","publisher":{"@id":"https:\/\/araok.co\/#organization"},"potentialAction":[{"@type":"SearchAction","target":{"@type":"EntryPoint","urlTemplate":"https:\/\/araok.co\/?s={search_term_string}"},"query-input":"required name=search_term_string"}],"inLanguage":"fr-FR"},{"@type":"Organization","@id":"https:\/\/araok.co\/#organization","name":"Araok","url":"https:\/\/araok.co\/","logo":{"@type":"ImageObject","inLanguage":"fr-FR","@id":"https:\/\/araok.co\/#\/schema\/logo\/image\/","url":"http:\/\/araok.co\/wp-content\/uploads\/2021\/10\/Capture-de\u0301cran-2021-10-13-a\u0300-13.34.05.png","contentUrl":"http:\/\/araok.co\/wp-content\/uploads\/2021\/10\/Capture-de\u0301cran-2021-10-13-a\u0300-13.34.05.png","width":80,"height":88,"caption":"Araok"},"image":{"@id":"https:\/\/araok.co\/#\/schema\/logo\/image\/"}}]}},"_links":{"self":[{"href":"https:\/\/araok.co\/index.php\/wp-json\/wp\/v2\/pages\/1941"}],"collection":[{"href":"https:\/\/araok.co\/index.php\/wp-json\/wp\/v2\/pages"}],"about":[{"href":"https:\/\/araok.co\/index.php\/wp-json\/wp\/v2\/types\/page"}],"author":[{"embeddable":true,"href":"https:\/\/araok.co\/index.php\/wp-json\/wp\/v2\/users\/1"}],"replies":[{"embeddable":true,"href":"https:\/\/araok.co\/index.php\/wp-json\/wp\/v2\/comments?post=1941"}],"version-history":[{"count":23,"href":"https:\/\/araok.co\/index.php\/wp-json\/wp\/v2\/pages\/1941\/revisions"}],"predecessor-version":[{"id":2508,"href":"https:\/\/araok.co\/index.php\/wp-json\/wp\/v2\/pages\/1941\/revisions\/2508"}],"wp:attachment":[{"href":"https:\/\/araok.co\/index.php\/wp-json\/wp\/v2\/media?parent=1941"}],"curies":[{"name":"wp","href":"https:\/\/api.w.org\/{rel}","templated":true}]}}